{"id":335,"date":"2021-06-13T03:45:01","date_gmt":"2021-06-13T03:45:01","guid":{"rendered":"https:\/\/hovanky.com\/?page_id=335"},"modified":"2021-06-14T02:31:36","modified_gmt":"2021-06-14T02:31:36","slug":"welcome-to-hovanky-com","status":"publish","type":"page","link":"https:\/\/hovanky.com\/","title":{"rendered":"welcome to Hovanky.com"},"content":{"rendered":"\t\t<div data-elementor-type=\"wp-page\" data-elementor-id=\"335\" class=\"elementor elementor-335\" data-elementor-settings=\"[]\">\n\t\t\t\t\t\t\t<div class=\"elementor-section-wrap\">\n\t\t\t\t\t\t\t<section class=\"elementor-section elementor-top-section elementor-element elementor-element-79c485d3 elementor-section-full_width elementor-section-height-default elementor-section-height-default elementor-invisible\" data-id=\"79c485d3\" data-element_type=\"section\" data-settings=\"{&quot;background_background&quot;:&quot;gradient&quot;,&quot;animation&quot;:&quot;slideInDown&quot;}\">\n\t\t\t\t\t\t\t<div class=\"elementor-background-overlay\"><\/div>\n\t\t\t\t\t\t\t<div class=\"elementor-container elementor-column-gap-default\">\n\t\t\t\t\t<div class=\"elementor-column elementor-col-100 elementor-top-column elementor-element elementor-element-5cf60a8d\" data-id=\"5cf60a8d\" data-element_type=\"column\">\n\t\t\t<div class=\"elementor-widget-wrap elementor-element-populated\">\n\t\t\t\t\t\t\t\t<div class=\"elementor-element elementor-element-151f8b1c elementor-widget elementor-widget-heading\" data-id=\"151f8b1c\" data-element_type=\"widget\" data-widget_type=\"heading.default\">\n\t\t\t\t<div class=\"elementor-widget-container\">\n\t\t\t<h3 class=\"elementor-heading-title elementor-size-default\">welcome to<\/h3>\t\t<\/div>\n\t\t\t\t<\/div>\n\t\t\t\t<div class=\"elementor-element elementor-element-d101dc9 elementor-widget elementor-widget-heading\" data-id=\"d101dc9\" data-element_type=\"widget\" data-widget_type=\"heading.default\">\n\t\t\t\t<div class=\"elementor-widget-container\">\n\t\t\t<h4 class=\"elementor-heading-title elementor-size-small\"><a href=\"https:\/\/hovanky.com\">H o v a n k y . c o m<\/a><\/h4>\t\t<\/div>\n\t\t\t\t<\/div>\n\t\t\t\t<div class=\"elementor-element elementor-element-7551a0b5 elementor-widget elementor-widget-spacer\" data-id=\"7551a0b5\" data-element_type=\"widget\" data-widget_type=\"spacer.default\">\n\t\t\t\t<div class=\"elementor-widget-container\">\n\t\t\t\t\t<div class=\"elementor-spacer\">\n\t\t\t<div class=\"elementor-spacer-inner\"><\/div>\n\t\t<\/div>\n\t\t\t\t<\/div>\n\t\t\t\t<\/div>\n\t\t\t\t\t<\/div>\n\t\t<\/div>\n\t\t\t\t\t\t\t<\/div>\n\t\t<\/section>\n\t\t\t\t<section class=\"elementor-section elementor-top-section elementor-element elementor-element-75eb09d8 elementor-section-boxed elementor-section-height-default elementor-section-height-default\" data-id=\"75eb09d8\" data-element_type=\"section\" data-settings=\"{&quot;animation&quot;:&quot;none&quot;}\">\n\t\t\t\t\t\t<div class=\"elementor-container elementor-column-gap-wider\">\n\t\t\t\t\t<div class=\"elementor-column elementor-col-33 elementor-top-column elementor-element elementor-element-3091e5a1 elementor-invisible\" data-id=\"3091e5a1\" data-element_type=\"column\" data-settings=\"{&quot;animation&quot;:&quot;fadeInUp&quot;,&quot;animation_delay&quot;:0}\">\n\t\t\t<div class=\"elementor-widget-wrap elementor-element-populated\">\n\t\t\t\t\t\t\t\t<div class=\"elementor-element elementor-element-71830555 elementor-align-center elementor-widget elementor-widget-button\" data-id=\"71830555\" data-element_type=\"widget\" data-widget_type=\"button.default\">\n\t\t\t\t<div class=\"elementor-widget-container\">\n\t\t\t\t\t<div class=\"elementor-button-wrapper\">\n\t\t\t<a href=\"https:\/\/www.amazon.com\/dp\/B096TRVR2Y\/\" target=\"_blank\" class=\"elementor-button-link elementor-button elementor-size-xs elementor-animation-grow\" role=\"button\">\n\t\t\t\t\t\t<span class=\"elementor-button-content-wrapper\">\n\t\t\t\t\t\t<span class=\"elementor-button-icon elementor-align-icon-left\">\n\t\t\t\t<i aria-hidden=\"true\" class=\"fab fa-amazon\"><\/i>\t\t\t<\/span>\n\t\t\t\t\t\t<span class=\"elementor-button-text\">Buy on Amazon.com<\/span>\n\t\t<\/span>\n\t\t\t\t\t<\/a>\n\t\t<\/div>\n\t\t\t\t<\/div>\n\t\t\t\t<\/div>\n\t\t\t\t<div class=\"elementor-element elementor-element-1b0d1291 elementor-widget elementor-widget-image\" data-id=\"1b0d1291\" data-element_type=\"widget\" data-widget_type=\"image.default\">\n\t\t\t\t<div class=\"elementor-widget-container\">\n\t\t\t\t\t\t\t\t\t\t\t\t\t\t\t\t<a href=\"https:\/\/lastadmiral.com\" target=\"_blank\">\n\t\t\t\t\t\t\t<img width=\"600\" height=\"341\" src=\"https:\/\/hovanky.com\/wp-content\/uploads\/2021\/06\/bookheader_02lastadmiral.jpg\" class=\"attachment-large size-large\" alt=\"\" loading=\"lazy\" srcset=\"https:\/\/hovanky.com\/wp-content\/uploads\/2021\/06\/bookheader_02lastadmiral.jpg 600w, https:\/\/hovanky.com\/wp-content\/uploads\/2021\/06\/bookheader_02lastadmiral-300x171.jpg 300w\" sizes=\"(max-width: 600px) 100vw, 600px\" style=\"width:100%;height:56.83%;max-width:600px;\" \/>\t\t\t\t\t\t\t\t<\/a>\n\t\t\t\t\t\t\t\t\t\t\t\t\t\t\t<\/div>\n\t\t\t\t<\/div>\n\t\t\t\t<div class=\"elementor-element elementor-element-8b73add elementor-widget elementor-widget-heading\" data-id=\"8b73add\" data-element_type=\"widget\" data-widget_type=\"heading.default\">\n\t\t\t\t<div class=\"elementor-widget-container\">\n\t\t\t<h4 class=\"elementor-heading-title elementor-size-default\">The Last Admiral<p><\/p><\/h4>\t\t<\/div>\n\t\t\t\t<\/div>\n\t\t\t\t<div class=\"elementor-element elementor-element-51e48d83 elementor-widget elementor-widget-text-editor\" data-id=\"51e48d83\" data-element_type=\"widget\" data-widget_type=\"text-editor.default\">\n\t\t\t\t<div class=\"elementor-widget-container\">\n\t\t\t\t\t\t\t\t<h5 style=\"text-align: center;\"><span style=\"color: #333333;\">Thoai Hovanky<\/span><br \/><span style=\"color: #333333;\">(English, paperback, 189 pages)<\/span><\/h5>\t\t\t\t\t\t<\/div>\n\t\t\t\t<\/div>\n\t\t\t\t<div class=\"elementor-element elementor-element-7e80155 elementor-widget elementor-widget-text-editor\" data-id=\"7e80155\" data-element_type=\"widget\" data-widget_type=\"text-editor.default\">\n\t\t\t\t<div class=\"elementor-widget-container\">\n\t\t\t\t\t\t\t\t<h5>A war is fought on many fronts: the physical, political, economic, and psychological. In The Last Admiral, Rear Admiral (lower half) Thoai Hovanky, the final surviving member of the South Vietnamese admiralty, tells the story of the Vietnam War first-hand. Witnessed through the eyes of a young graduate of the Naval Reserve Training Center who emerged as a decorated officer and survivor of numerous actions, coups d&#8217;\u00e9tat, and finally the Vietnam War itself.<p><br><\/p>\n\nAdapting to extreme changes of circumstance, Rear Admiral Thoai Hovanky (RVN Navy, retired) navigates us from his early life in French-occupied Vietnam through the fiery path that led to hard-earned wisdom and respect from two nations.<\/h5>\t\t\t\t\t\t<\/div>\n\t\t\t\t<\/div>\n\t\t\t\t<div class=\"elementor-element elementor-element-48fffb9 elementor-widget elementor-widget-spacer\" data-id=\"48fffb9\" data-element_type=\"widget\" data-widget_type=\"spacer.default\">\n\t\t\t\t<div class=\"elementor-widget-container\">\n\t\t\t\t\t<div class=\"elementor-spacer\">\n\t\t\t<div class=\"elementor-spacer-inner\"><\/div>\n\t\t<\/div>\n\t\t\t\t<\/div>\n\t\t\t\t<\/div>\n\t\t\t\t<div class=\"elementor-element elementor-element-d12911f elementor-widget elementor-widget-text-editor\" data-id=\"d12911f\" data-element_type=\"widget\" data-widget_type=\"text-editor.default\">\n\t\t\t\t<div class=\"elementor-widget-container\">\n\t\t\t\t\t\t\t\t<h5><a href=\"https:\/\/lastadmiral.com\" target=\"_blank\"><span style=\"color: #3366ff;\">https:\/\/lastadmiral.com<\/span><\/a><\/h5>\t\t\t\t\t\t<\/div>\n\t\t\t\t<\/div>\n\t\t\t\t<div class=\"elementor-element elementor-element-c7440c6 elementor-widget-divider--view-line elementor-widget elementor-widget-divider\" data-id=\"c7440c6\" data-element_type=\"widget\" data-widget_type=\"divider.default\">\n\t\t\t\t<div class=\"elementor-widget-container\">\n\t\t\t\t\t<div class=\"elementor-divider\">\n\t\t\t<span class=\"elementor-divider-separator\">\n\t\t\t\t\t\t<\/span>\n\t\t<\/div>\n\t\t\t\t<\/div>\n\t\t\t\t<\/div>\n\t\t\t\t\t<\/div>\n\t\t<\/div>\n\t\t\t\t<div class=\"elementor-column elementor-col-33 elementor-top-column elementor-element elementor-element-3e7d4162 elementor-invisible\" data-id=\"3e7d4162\" data-element_type=\"column\" data-settings=\"{&quot;animation&quot;:&quot;fadeInUp&quot;,&quot;animation_delay&quot;:400}\">\n\t\t\t<div class=\"elementor-widget-wrap elementor-element-populated\">\n\t\t\t\t\t\t\t\t<div class=\"elementor-element elementor-element-47c90873 elementor-align-center elementor-widget elementor-widget-button\" data-id=\"47c90873\" data-element_type=\"widget\" data-widget_type=\"button.default\">\n\t\t\t\t<div class=\"elementor-widget-container\">\n\t\t\t\t\t<div class=\"elementor-button-wrapper\">\n\t\t\t<a href=\"https:\/\/cantruong.com\/orderbook.htm\" target=\"_blank\" class=\"elementor-button-link elementor-button elementor-size-xs elementor-animation-grow\" role=\"button\">\n\t\t\t\t\t\t<span class=\"elementor-button-content-wrapper\">\n\t\t\t\t\t\t<span class=\"elementor-button-icon elementor-align-icon-left\">\n\t\t\t\t<i aria-hidden=\"true\" class=\"fab fa-paypal\"><\/i>\t\t\t<\/span>\n\t\t\t\t\t\t<span class=\"elementor-button-text\">Order via PayPal<\/span>\n\t\t<\/span>\n\t\t\t\t\t<\/a>\n\t\t<\/div>\n\t\t\t\t<\/div>\n\t\t\t\t<\/div>\n\t\t\t\t<div class=\"elementor-element elementor-element-16c37614 elementor-widget elementor-widget-image\" data-id=\"16c37614\" data-element_type=\"widget\" data-widget_type=\"image.default\">\n\t\t\t\t<div class=\"elementor-widget-container\">\n\t\t\t\t\t\t\t\t\t\t\t\t\t\t\t\t<a href=\"https:\/\/cantruong.com\" target=\"_blank\">\n\t\t\t\t\t\t\t<img width=\"600\" height=\"341\" src=\"https:\/\/hovanky.com\/wp-content\/uploads\/2021\/06\/bookheader_01cantruong.jpg\" class=\"attachment-large size-large\" alt=\"\" loading=\"lazy\" srcset=\"https:\/\/hovanky.com\/wp-content\/uploads\/2021\/06\/bookheader_01cantruong.jpg 600w, https:\/\/hovanky.com\/wp-content\/uploads\/2021\/06\/bookheader_01cantruong-300x171.jpg 300w\" sizes=\"(max-width: 600px) 100vw, 600px\" style=\"width:100%;height:56.83%;max-width:600px;\" \/>\t\t\t\t\t\t\t\t<\/a>\n\t\t\t\t\t\t\t\t\t\t\t\t\t\t\t<\/div>\n\t\t\t\t<\/div>\n\t\t\t\t<div class=\"elementor-element elementor-element-5b678891 elementor-widget elementor-widget-heading\" data-id=\"5b678891\" data-element_type=\"widget\" data-widget_type=\"heading.default\">\n\t\t\t\t<div class=\"elementor-widget-container\">\n\t\t\t<h4 class=\"elementor-heading-title elementor-size-default\">Can Tr\u01b0\u1eddng <br>\nTrong Chi\u1ebfn B\u1ea1i<\/h4>\t\t<\/div>\n\t\t\t\t<\/div>\n\t\t\t\t<div class=\"elementor-element elementor-element-1d16018 elementor-widget elementor-widget-text-editor\" data-id=\"1d16018\" data-element_type=\"widget\" data-widget_type=\"text-editor.default\">\n\t\t\t\t<div class=\"elementor-widget-container\">\n\t\t\t\t\t\t\t\t<h5 style=\"text-align: center;\"><span style=\"color: #333333;\">Thoai Hovanky<\/span><br \/><span style=\"color: #333333;\">(Vietnamese, hardcover, 328 pages)<\/span><\/h5>\t\t\t\t\t\t<\/div>\n\t\t\t\t<\/div>\n\t\t\t\t<div class=\"elementor-element elementor-element-20ec2215 elementor-widget elementor-widget-text-editor\" data-id=\"20ec2215\" data-element_type=\"widget\" data-widget_type=\"text-editor.default\">\n\t\t\t\t<div class=\"elementor-widget-container\">\n\t\t\t\t\t\t\t\t<h5>Our side.<br \/><br \/>Their side.<br \/><br \/>In war, it is convenient to separate factions, armies, countries into different sides. But in reality, the lines of the battlefield are as complex as the lives that fight within that tenuous and sometimes arbitrary separation. Through different goals, different dreams, these soldiers \u2014 though diverse \u2014 were united in their sense of duty. Such self-sacrifice should not be diminished by the notion of \u2018sides,\u2019 but remembered by future generations, in victory or defeat.<br \/><br \/>Two hundred years from now, our grandchildren, when learning history, will neither commend the winning side nor disparage the losing side, but instead will recognize acts of bravery and cowardice on both sides. They will not forget the bravery of Lieutenant Commander Le Anh Tuan on the river of South Viet Nam, nor the courage of Sea Commando Pham Viet on the sea of North Viet Nam.<br \/><br \/>In this autobiography, we see the Viet Nam War through the eyes of one of its most decorated soldiers. Both as a sailor and a witness who spent almost half his career on the frontlines of an unforgiving war, former South Vietnamese Navy Admiral Ho Van Ky-Thoai gives us keen perspective and an unparalleled viewpoint into some of the most important and often pivotal moments of the war.\u200b<\/h5>\t\t\t\t\t\t<\/div>\n\t\t\t\t<\/div>\n\t\t\t\t<div class=\"elementor-element elementor-element-f960974 elementor-widget elementor-widget-spacer\" data-id=\"f960974\" data-element_type=\"widget\" data-widget_type=\"spacer.default\">\n\t\t\t\t<div class=\"elementor-widget-container\">\n\t\t\t\t\t<div class=\"elementor-spacer\">\n\t\t\t<div class=\"elementor-spacer-inner\"><\/div>\n\t\t<\/div>\n\t\t\t\t<\/div>\n\t\t\t\t<\/div>\n\t\t\t\t<div class=\"elementor-element elementor-element-a5d5ed0 elementor-widget elementor-widget-text-editor\" data-id=\"a5d5ed0\" data-element_type=\"widget\" data-widget_type=\"text-editor.default\">\n\t\t\t\t<div class=\"elementor-widget-container\">\n\t\t\t\t\t\t\t\t<h5><span style=\"color: #3366ff;\"><a style=\"color: #3366ff;\" href=\"https:\/\/cantruong.com\" target=\"_blank\">https:\/\/cantruong.com<\/a><\/span><\/h5>\t\t\t\t\t\t<\/div>\n\t\t\t\t<\/div>\n\t\t\t\t<div class=\"elementor-element elementor-element-a162170 elementor-widget-divider--view-line elementor-widget elementor-widget-divider\" data-id=\"a162170\" data-element_type=\"widget\" data-widget_type=\"divider.default\">\n\t\t\t\t<div class=\"elementor-widget-container\">\n\t\t\t\t\t<div class=\"elementor-divider\">\n\t\t\t<span class=\"elementor-divider-separator\">\n\t\t\t\t\t\t<\/span>\n\t\t<\/div>\n\t\t\t\t<\/div>\n\t\t\t\t<\/div>\n\t\t\t\t\t<\/div>\n\t\t<\/div>\n\t\t\t\t<div class=\"elementor-column elementor-col-33 elementor-top-column elementor-element elementor-element-721b5a25 elementor-invisible\" data-id=\"721b5a25\" data-element_type=\"column\" data-settings=\"{&quot;animation&quot;:&quot;fadeInUp&quot;,&quot;animation_delay&quot;:800}\">\n\t\t\t<div class=\"elementor-widget-wrap elementor-element-populated\">\n\t\t\t\t\t\t\t\t<div class=\"elementor-element elementor-element-2a7e8b9e elementor-align-center elementor-widget elementor-widget-button\" data-id=\"2a7e8b9e\" data-element_type=\"widget\" data-widget_type=\"button.default\">\n\t\t\t\t<div class=\"elementor-widget-container\">\n\t\t\t\t\t<div class=\"elementor-button-wrapper\">\n\t\t\t<a href=\"https:\/\/www.amazon.com\/gp\/product\/1732422427\/\" target=\"_blank\" class=\"elementor-button-link elementor-button elementor-size-xs elementor-animation-grow\" role=\"button\">\n\t\t\t\t\t\t<span class=\"elementor-button-content-wrapper\">\n\t\t\t\t\t\t<span class=\"elementor-button-icon elementor-align-icon-left\">\n\t\t\t\t<i aria-hidden=\"true\" class=\"fab fa-amazon\"><\/i>\t\t\t<\/span>\n\t\t\t\t\t\t<span class=\"elementor-button-text\">Buy on Amazon.com<\/span>\n\t\t<\/span>\n\t\t\t\t\t<\/a>\n\t\t<\/div>\n\t\t\t\t<\/div>\n\t\t\t\t<\/div>\n\t\t\t\t<div class=\"elementor-element elementor-element-4cf28fc1 elementor-widget elementor-widget-image\" data-id=\"4cf28fc1\" data-element_type=\"widget\" data-widget_type=\"image.default\">\n\t\t\t\t<div class=\"elementor-widget-container\">\n\t\t\t\t\t\t\t\t\t\t\t\t\t\t\t\t<a href=\"https:\/\/hovanky.com\/nobility\" target=\"_blank\">\n\t\t\t\t\t\t\t<img width=\"600\" height=\"341\" src=\"https:\/\/hovanky.com\/wp-content\/uploads\/2021\/06\/bookheader_03nobility.jpg\" class=\"attachment-large size-large\" alt=\"\" loading=\"lazy\" srcset=\"https:\/\/hovanky.com\/wp-content\/uploads\/2021\/06\/bookheader_03nobility.jpg 600w, https:\/\/hovanky.com\/wp-content\/uploads\/2021\/06\/bookheader_03nobility-300x171.jpg 300w\" sizes=\"(max-width: 600px) 100vw, 600px\" style=\"width:100%;height:56.83%;max-width:600px;\" \/>\t\t\t\t\t\t\t\t<\/a>\n\t\t\t\t\t\t\t\t\t\t\t\t\t\t\t<\/div>\n\t\t\t\t<\/div>\n\t\t\t\t<div class=\"elementor-element elementor-element-77d82dee elementor-widget elementor-widget-heading\" data-id=\"77d82dee\" data-element_type=\"widget\" data-widget_type=\"heading.default\">\n\t\t\t\t<div class=\"elementor-widget-container\">\n\t\t\t<h4 class=\"elementor-heading-title elementor-size-default\">The Nobility of<br>\nOur Hearts<\/h4>\t\t<\/div>\n\t\t\t\t<\/div>\n\t\t\t\t<div class=\"elementor-element elementor-element-776505ff elementor-widget elementor-widget-text-editor\" data-id=\"776505ff\" data-element_type=\"widget\" data-widget_type=\"text-editor.default\">\n\t\t\t\t<div class=\"elementor-widget-container\">\n\t\t\t\t\t\t\t\t<h5 style=\"text-align: center;\"><span style=\"color: #333333;\">Louis Tue Hovanky &amp;<br \/>Kim Thinh Hovanky<\/span><br \/><span style=\"color: #333333;\">(English, hardcover\/paperback\/ebook, <br \/>288 pages)<\/span><\/h5>\t\t\t\t\t\t<\/div>\n\t\t\t\t<\/div>\n\t\t\t\t<div class=\"elementor-element elementor-element-65549c98 elementor-widget elementor-widget-text-editor\" data-id=\"65549c98\" data-element_type=\"widget\" data-widget_type=\"text-editor.default\">\n\t\t\t\t<div class=\"elementor-widget-container\">\n\t\t\t\t\t\t\t\t<h5>The Nobility of Our Hearts: From B\u1ebfn S\u00fac to S\u00e0i G\u00f2n to Austin, spans the remarkable events of 20th century Vietnam: from French rule to the Great Depression, from the Second World War to the Vietnamese civil war that involved the United States.<p><br><\/p>At the center of this global history stands one Vietnamese woman, C\u1ea9m H\u1ed3ng. Whether she is embarking alone at the age of fourteen on an ocean liner to Bordeaux to pursue her education, experiencing the bombing of S\u00e0i G\u00f2n that forces her family to hide in the jungle while she endures the death of her daughter, witnessing the enlistment of three of her sons in the Vietnamese Armed Force, or finally escaping from Vietnam as a refugee to ultimately settle in Austin, Texas, C\u1ea9m H\u1ed3ng is a steadfast testament to perseverance and the Confucian values that sustained her.\n<p><br><\/p>\nThis is the real story of South Vietnam, not simply the horrific experience of one particular decade. It provides an expanded perspective of the full history of Vietnam while engaging the reader through intimate details and novelistic techniques to create a beguiling and dramatic work of non-fiction.<\/h5>\t\t\t\t\t\t<\/div>\n\t\t\t\t<\/div>\n\t\t\t\t<div class=\"elementor-element elementor-element-bf1bbe4 elementor-widget elementor-widget-spacer\" data-id=\"bf1bbe4\" data-element_type=\"widget\" data-widget_type=\"spacer.default\">\n\t\t\t\t<div class=\"elementor-widget-container\">\n\t\t\t\t\t<div class=\"elementor-spacer\">\n\t\t\t<div class=\"elementor-spacer-inner\"><\/div>\n\t\t<\/div>\n\t\t\t\t<\/div>\n\t\t\t\t<\/div>\n\t\t\t\t<div class=\"elementor-element elementor-element-02034db elementor-widget elementor-widget-text-editor\" data-id=\"02034db\" data-element_type=\"widget\" data-widget_type=\"text-editor.default\">\n\t\t\t\t<div class=\"elementor-widget-container\">\n\t\t\t\t\t\t\t\t<h5><a href=\"https:\/\/hovanky.com\/nobility\" target=\"_blank\"><span style=\"color: #3366ff;\">https:\/\/hovanky.com\/nobility<\/span><\/a><\/h5>\t\t\t\t\t\t<\/div>\n\t\t\t\t<\/div>\n\t\t\t\t<div class=\"elementor-element elementor-element-c96449a elementor-widget-divider--view-line elementor-widget elementor-widget-divider\" data-id=\"c96449a\" data-element_type=\"widget\" data-widget_type=\"divider.default\">\n\t\t\t\t<div class=\"elementor-widget-container\">\n\t\t\t\t\t<div class=\"elementor-divider\">\n\t\t\t<span class=\"elementor-divider-separator\">\n\t\t\t\t\t\t<\/span>\n\t\t<\/div>\n\t\t\t\t<\/div>\n\t\t\t\t<\/div>\n\t\t\t\t\t<\/div>\n\t\t<\/div>\n\t\t\t\t\t\t\t<\/div>\n\t\t<\/section>\n\t\t\t\t<section class=\"elementor-section elementor-top-section elementor-element elementor-element-36ce5b36 elementor-section-boxed elementor-section-height-default elementor-section-height-default elementor-invisible\" data-id=\"36ce5b36\" data-element_type=\"section\" data-settings=\"{&quot;animation&quot;:&quot;fadeInUp&quot;,&quot;animation_delay&quot;:0}\">\n\t\t\t\t\t\t<div class=\"elementor-container elementor-column-gap-default\">\n\t\t\t\t\t<div class=\"elementor-column elementor-col-100 elementor-top-column elementor-element elementor-element-1e51ddb8\" data-id=\"1e51ddb8\" data-element_type=\"column\">\n\t\t\t<div class=\"elementor-widget-wrap elementor-element-populated\">\n\t\t\t\t\t\t\t\t<div class=\"elementor-element elementor-element-3f033bc3 elementor-widget-divider--view-line_text elementor-widget-divider--element-align-center elementor-widget elementor-widget-divider\" data-id=\"3f033bc3\" data-element_type=\"widget\" data-widget_type=\"divider.default\">\n\t\t\t\t<div class=\"elementor-widget-container\">\n\t\t\t\t\t<div class=\"elementor-divider\">\n\t\t\t<span class=\"elementor-divider-separator\">\n\t\t\t\t\t\t\t<span class=\"elementor-divider__text elementor-divider__element\">Copyright \u00a9 2021, Hovanky Publications. All Rights Reserved.<\/span>\n\t\t\t\t\t\t<\/span>\n\t\t<\/div>\n\t\t\t\t<\/div>\n\t\t\t\t<\/div>\n\t\t\t\t\t<\/div>\n\t\t<\/div>\n\t\t\t\t\t\t\t<\/div>\n\t\t<\/section>\n\t\t\t\t\t\t<\/div>\n\t\t\t\t\t<\/div>\n\t\t","protected":false},"excerpt":{"rendered":"<p>welcome to H o v a n k y . c o m Buy on Amazon.com The Last Admiral Thoai Hovanky(English, paperback, 189 pages) A war is fought on many fronts: the physical, political, economic, and psychological. In The Last Admiral, Rear Admiral (lower half) Thoai Hovanky, the final surviving member of the South Vietnamese&hellip; <a class=\"more-link\" href=\"https:\/\/hovanky.com\/\">Continue reading <span class=\"screen-reader-text\">welcome to Hovanky.com<\/span><\/a><\/p>\n","protected":false},"author":2,"featured_media":0,"parent":0,"menu_order":0,"comment_status":"closed","ping_status":"closed","template":"elementor_canvas","meta":[],"_links":{"self":[{"href":"https:\/\/hovanky.com\/index.php?rest_route=\/wp\/v2\/pages\/335"}],"collection":[{"href":"https:\/\/hovanky.com\/index.php?rest_route=\/wp\/v2\/pages"}],"about":[{"href":"https:\/\/hovanky.com\/index.php?rest_route=\/wp\/v2\/types\/page"}],"author":[{"embeddable":true,"href":"https:\/\/hovanky.com\/index.php?rest_route=\/wp\/v2\/users\/2"}],"replies":[{"embeddable":true,"href":"https:\/\/hovanky.com\/index.php?rest_route=%2Fwp%2Fv2%2Fcomments&post=335"}],"version-history":[{"count":61,"href":"https:\/\/hovanky.com\/index.php?rest_route=\/wp\/v2\/pages\/335\/revisions"}],"predecessor-version":[{"id":432,"href":"https:\/\/hovanky.com\/index.php?rest_route=\/wp\/v2\/pages\/335\/revisions\/432"}],"wp:attachment":[{"href":"https:\/\/hovanky.com\/index.php?rest_route=%2Fwp%2Fv2%2Fmedia&parent=335"}],"curies":[{"name":"wp","href":"https:\/\/api.w.org\/{rel}","templated":true}]}}